e the prime factors of m?
7, 13
Let i be (-10)/4*-2*1. Suppose i*k - 156 - 299 = 0. What are the prime factors of k?
7, 13
Suppose -2*u - 1512 = 6*u. Let x = 399 + u. List the prime factors of x.
2, 3, 5, 7
Let t(d) = 58*d + 96. What are the prime factors of t(12)?
2, 3, 11
Let f = 14 - -2. List the prime factors of 70 + f/((-20)/5).
2, 3, 11
Let z be (6/4)/((-3)/(-4)). Let s = -152 + 157. Suppose 0 = m + z*w - 11 - 52, s*w = 4*m - 252. List the prime factors of m.
3, 7
Suppose -4*o + 741 = -4*w - 983, -3*w + 887 = 2*o. List the prime factors of o.
2, 109
Suppose 7*m - 4 + 32 = 0. List the prime factors of 7/14 - 142/m.
2, 3
Suppose -352*p = -336*p - 51056. What are the prime factors of p?
3191
Suppose 5*c = -4*c + 1359. What are the prime factors of c?
151
Let p(o) = o**3 - 11*o**2 + 7*o + 13. Let z(m) = 2*m**2 - 7*m + 6. Let l be z(4). Let x be p(l). Let i = 30 + x. What are the prime factors of i?
13
Let j be -3 + ((0 - -1)*-7 - -2). What are the prime factors of (-7)/(-28) - 1134/j?
2, 71
Suppose 50 = 9*o + o. Suppose 246 = 2*p - 0*p - o*d, -3*d = -2*p + 246. List the prime factors of p.
3, 41
Let t(m) = 11*m**2 - 21*m + 64. What are the prime factors of t(10)?
2, 3, 53
Suppose 4*v + 1087 - 3283 = 0. List the prime factors of v.
3, 61
Let s = -28 - -28. Suppose s*w + 7*w = 84. List the prime factors of w.
2, 3
Let g = -5 - -13. Let n = g + 4. List the prime factors of n.
2, 3
Let t be 2/9 - 40/18. Let b be -1*(-12)/(-8) + (-690)/20. List the prime factors of t/(-5) + b/(-10).
2
Let c = 1179 + -111. List the prime factors of c.
2, 3, 89
Suppose 0 = -16*o - 984 + 15176. List the prime factors of o.
887
Suppose 37*y - 25576 = -9*y. List the prime factors of y.
2, 139
Suppose -4*l + 21 = -7. Suppose -4*t - 2*b + 14 = 0, -9*t + 19 = -l*t + 5*b. List the prime factors of t.
2
Let h = -119 - -241. Suppose 5*k - 35 - h = -c, -5*k = 5*c - 165. Suppose 3*s + k - 79 = 0. List the prime factors of s.
2
Suppose 0 = 9*n - 4*n + 110. Let h = n - -61. Suppose 4*c - 29 = h. List the prime factors of c.
17
List the prime factors of ((-5)/(-15))/(5/9060).
2, 151
Suppose -2*b + 16 = 3*y, 4*b + 3*y = 8*y + 54. Suppose 7*m - b*m = -368. List the prime factors of m.
2, 23
Let b(s) be the third derivative of s**6/24 - s**5/20 + 5*s**4/24 - s**3/6 - 10*s**2. List the prime factors of b(2).
37
Let d = -12 + 15. Suppose d*u + 0*u = 96. What are the prime factors of u?
2
Let x(y) be the second derivative of y**3/3 + 2*y**2 + 15*y - 9. Suppose 2*z = -4*q + 12, 11 = 2*z - q - 6. What are the prime factors of x(z)?
2, 5
Let g(o) = o - 7. Let f be g(7). Suppose l - 303 + 103 = a, a - 4 = f. What are the prime factors of l?
2, 3, 17
Let v be (6/(-15))/(1/(-5)). Suppose -2*a - 6 = 0, -8 = -v*d - a - 1. Suppose 2*b - 2*o = 2*o + 42, 63 = d*b + 4*o. List the prime factors of b.
3, 5
Suppose -x - 2 + 5 = j, 3*x + 9 = 0. Suppose j*t - t = 0. Suppose t = -2*k + 48 + 10. What are the prime factors of k?
29
Let u = 161 - 152. Let a(y) = y. Let m(l) = -l**2 + 5*l + 2. Let t(g) = 5*a(g) + m(g). List the prime factors of t(u).
11
Let j(q) = 22*q + 26. Suppose 0 = -7*w + 14*w - 28. What are the prime factors of j(w)?
2, 3, 19
Suppose 25*w - 8801 = 1724. What are the prime factors of w?
421
Suppose 5*q - 525 = -4*x, 2*q + 0*q = -3*x + 210. Suppose 293 = 4*i + q. What are the prime factors of i?
47
Let w be 62*((-15)/6 + 2). Let l = 8 - w. What are the prime factors of l?
3, 13
Let o = 1864 - 1026. List the prime factors of o.
2, 419
Let c = -452 - -742. Let g = c + -204. List the prime factors of g.
2, 43
Let y(k) = 2*k**2 + 4*k. Let p be y(-2). Suppose 3*h + p*m - m = 121, 0 = 5*h + 2*m - 209. List the prime factors of h.
41
Suppose 0 = j + 2, 4*j - 163 = 3*n - 3003. List the prime factors of n.
2, 59
Let n be ((-42)/(-18))/(1/18). Let j = 34 + n. List the prime factors of j.
2, 19
Let v = -6 + 3. What are the prime factors of (-15)/(-12)*(1 - -27) + v?
2
Let u = -641 + 980. Suppose 2*n - 369 = 5*k, -k = 5*n - 3*n - u. What are the prime factors of n?
2, 43
Suppose -j = -2*f + 811, 0*j + 1643 = 4*f + 5*j. List the prime factors of f.
11, 37
Suppose 5*g - 11954 = -6*a + 9*a, -g + 2398 = -3*a. What are the prime factors of g?
2389
Suppose 3*b - 36 - 10 = -2*z, 4*z = -3*b + 56. Let x = 82 - b. List the prime factors of x.
2, 5, 7
Suppose -j = -4*q + 19, 2*q - 23 = -4*j + 9*j. Let x = j + 3. Suppose x = u - 42 - 8. List the prime factors of u.
2, 5
Let q = 2218 + -686. What are the prime factors of q?
2, 383
Suppose -4*n + 4*i = -n - 1585, -2*n = 4*i - 1050. What are the prime factors of n?
17, 31
What are the prime factors of (9 - (-3 - -8))*(-1221)/(-6)?
2, 11, 37
Let x = -14 - -12. Let n = x + 6. Suppose -4*s + 9*s + n*g = 66, -2*s + 4*g = -32. List the prime factors of s.
2, 7
Let c(n) = n**2 - 7*n + 3. Suppose 4*w - 1 = b, b + 4*b = 3*w + 29. Let p be c(b). Suppose -28 = -p*s - s. What are the prime factors of s?
7
Let j = 16 - 11. Suppose 2*x + 46 = 4*x. Suppose 4*g - j = x. What are the prime factors of g?
7
Suppose 387 + 681 = -4*u. List the prime factors of (-8)/20 - u/5.
53
Suppose -33*c = -28*c - 615. Let b = c - 87. What are the prime factors of b?
2, 3
Let s(k) = -k**2 - 41*k - 87. What are the prime factors of s(-35)?
3, 41
Let m = 880 + 725. List the prime factors of m.
3, 5, 107
Let w be 6/(-39) - 1652/(-91). Let o = w - 17. Suppose -2*h + o = -13. List the prime factors of h.
7
Let u(a) = 225*a + 83. What are the prime factors of u(10)?
2333
Suppose 5*f - 2*m = -34 - 3, -4*m = -3*f - 25. Let l(u) = 2*u**2 + 8*u - 8. What are the prime factors of l(f)?
2, 17
Let i be -3 - (4/(-6))/((-9)/(-891)). Let f = i + 3. What are the prime factors of f?
2, 3, 11
Let r be (-25 - -19)*(0 - 7)*1. Let w = -14 + r. What are the prime factors of w?
2, 7
Suppose -2*u + 4*z = -0*u - 2482, -2*u + 3*z + 2487 = 0. What are the prime factors of u?
3, 139
Let w(a) = a + 27. Let s be w(-12). List the prime factors of 553/s + 2/15.
37
Let r = -8 + 13. Suppose -h = -3*n + r - 37, h - 62 = -3*n. What are the prime factors of h?
47
Let j be 5/(-2)*8/(-5). Suppose 636 + 1288 = j*v. Suppose -7*q + 44 = -v. What are the prime factors of q?
3, 5
Let z(d) = -4*d + 13. Let r be z(-8). Let q = r + 84. What are the prime factors of q?
3, 43
Let q = -237 - -136. Let k = -29 - q. List the prime factors of k.
2, 3
Let y be 6*((-21)/2)/3. Let a(q) = 5*q**2 + 10*q + 33. Let c be a(-3). Let m = y + c. What are the prime factors of m?
3
What are the prime factors of (-28)/1330*-19*(1825 + 0)?
2, 5, 73
Let o = -10 + 2. Let u be 2/6 + o/6. List the prime factors of 260/12 - u/3.
2, 11
Let f(l) be the second derivative of 71*l**4/6 + l**3/2 + l**2 + 33*l. List the prime factors of f(-1).
3, 47
Let r(g) = 807*g**2 - 82*g - 165. What are the prime factors of r(-2)?
7, 461
Suppose -18 = -3*z + 4*z. Let n = z + 23. List the prime factors of n.
5
Suppose 2*t - 3*w = w - 8, w = 3. Suppose t*z + 3*z = 5. List the prime factors of (-2 + z)*-19 + 3.
2, 11
Let y(q) = 24*q - 28. Let v be y(10). Let t = v + -126. What are the prime factors of t?
2, 43
Let k(d) = -63*d - 19*d + 12*d - 9 - 26*d. What are the prime factors of k(-2)?
3, 61
List the prime factors of 2 - (-6 + 2076/(-6)).
2, 3, 59
Let n(l) = 18*l + 48. Let z be (0 + 3)*(-66)/90*-5. List the prime factors of n(z).
2, 3, 41
What are the prime factors of (-693 + -1)*(-31)/62?
347
Let o(p) = -p**3 + 9*p**2 - 9*p + 12. Let x be o(8). Suppose 0 = x*h - 10 - 30. List the prime factors of 3/((h/(-12))/(-5)).
2, 3
Suppose -p + 1 = -2. Let f be 2/p*(-1521)/(-6). Suppose 5*z - 6 = f. List the prime factors of z.
5, 7
Let d(n) = -8*n - 4. Let z be d(-2). Suppose -5*p + z = -y + 4*y, 2*p + 20 = 5*y. Suppose p = 5*s - 63 - 32. What are the prime factors of s?
19
Let u(k) = -k**3 - 8*k**2 - 8*k. Let n be u(-7). Suppose -3*r + n*r = 8. Suppose r*x + 72 = 6*x. List the prime factors of x.
2, 3
Let r(p) be the second derivative of -p**3/6 + p**2 - p + 2. Suppose -2*b - o - 26 = 3*o, -5*o = -4*b. What are the prime factors of r(b)?
7
Suppose 4*m + 16 = 2*m. Let y be 2/m - (-177)/4. Suppose -d + 22 = -y. What are the prime factors of d?
2, 3, 11
Suppose 4*a - 2*a + 6 = 0. Let n be a/((-5)/(80/12)). Suppose -n*p = -2*p + r - 30, 52 = 4*p - 2*r. What are the prime factors of p?
2, 7
Le